 4*a - 504 = -2*a. What are the prime factors of a?
2, 3, 7
Suppose 0*f + 34 = f. What are the prime factors of f?
2, 17
Let s(r) = -265*r + 16. List the prime factors of s(-1).
281
Let a(t) = t**2. Let s(q) = q**2 + 5*q - 4. Let x be s(-5). Let n be 4*((-2)/x)/(-1). What are the prime factors of a(n)?
2
What are the prime factors of (411/(-9) - 3)/(2/(-3))?
73
Suppose -4*w + 5*w = 5. Suppose -2*o = 3*v + 1, 0 = o - 2*v + 3*v - 2. Suppose -l + o + 1 = 3*b, 3*l + 4 = w*b. List the prime factors of l.
2
Let k be (8/(-5))/((-2)/(-10)). Let r = 16 + k. What are the prime factors of r?
2
Let h(j) = -j**3 + 6*j**2 + 2. Let z be h(6). Suppose z*c = 6*c - 4. Let x = 24 - c. What are the prime factors of x?
23
Suppose 195 = 4*h - 5*o, 4*h = -h + 4*o + 255. List the prime factors of h.
5, 11
Let k be -18 + 0 + (2 - 1). What are the prime factors of 12/(-14)*(k + 3)?
2, 3
Suppose 4*b - 166 = -5*i, -5*i + 4*i - 5*b + 50 = 0. Suppose h = 4 + 1, -2*r + i = 2*h. List the prime factors of r.
2, 5
Let t be (4/(-6))/(1/(-6)). Suppose -5*f + 16 = -t. List the prime factors of f.
2
Let m(n) = -7*n - 1. Let o be m(-1). Suppose -3*c + 16 = -7*c. Let s = c + o. List the prime factors of s.
2
Suppose -g + 105 = 2*p, 2*g - 3 = p - 48. What are the prime factors of p?
3, 17
Suppose -4*j = 3*r - 271, 0*r - 4*j + 441 = 5*r. List the prime factors of r.
5, 17
Suppose -158 = -4*s + 2*p, -3*p - 6 = -s + 26. What are the prime factors of s?
41
Let t = 46 - 22. List the prime factors of t.
2, 3
List the prime factors of 1/(-1 - 138/(-136)).
2, 17
Suppose 23 - 8 = 5*i. Suppose -2*t + i = t. Let a(f) = 5*f**2 - 2*f + 1. What are the prime factors of a(t)?
2
Let o be 2/(3/(-18)*-3). Let w be o/3*42/(-4). Let r = -8 - w. What are the prime factors of r?
2, 3
Suppose w - 3*x = 6*w - 676, 0 = 2*w - 4*x - 260. List the prime factors of w.
2, 67
Let b be (-4)/(-1) + (-13 - 0). Let h(n) = -n**2 - 11*n. List the prime factors of h(b).
2, 3
Let v(m) = -m**3 - 6*m**2 + 8*m + 5. Let i be v(-7). Let t be 2 - (10/i + -1). Suppose 3*d + t = 4*d. List the prime factors of d.
2
Suppose 0*i = -4*i. Let k = i - -3. List the prime factors of k.
3
Let t = -10 - -26. List the prime factors of 136/10 - t/(-40).
2, 7
What are the prime factors of (2 - 3)*(-73 - 2)?
3, 5
Let n = -52 - -90. What are the prime factors of n?
2, 19
Let m = 1 + 3. Suppose -m*w + s + 11 = -0*s, -2*w + 4*s = -2. What are the prime factors of (-1)/w - (-93)/9?
2, 5
Let o(t) be the second derivative of t**3/3 - t**2 - t. Let m be o(5). Let l = m - 6. List the prime factors of l.
2
Let u(s) = 11*s - 1 + 1 + 1. List the prime factors of u(2).
23
Let o = 7 - -5. Suppose 3*k = k. Suppose -2*s + 5*s - o = k. List the prime factors of s.
2
Let t = 10 - 7. Suppose 2 = -t*n + 26. What are the prime factors of n?
2
Let d be ((-2)/(-4))/(1/6). Suppose -4*u + 122 + 38 = 0. List the prime factors of (d/(-2))/((-4)/u).
3, 5
Let b be 3/(-5) - 296/40. Let p = b - -13. List the prime factors of p.
5
Let l(d) = -d + 2. List the prime factors of l(-9).
11
Let p(c) = c**2 - 6*c - 5. Let q(n) = n**3 + 5*n**2 + 5*n + 3. Let t be q(-3). Let f be p(t). Let l = f + 9. List the prime factors of l.
2
Let n = -9 + 7. Let r be 2 + (-8)/n + -2. Suppose r*o + o - 35 = 0. What are the prime factors of o?
7
Let b(h) = h**2 - 8*h + 4. Let z be b(8). Suppose -f = -z*f + 6. What are the prime factors of (2 - 5/f)*-22?
11
Let o(g) = -g**3 - 9*g**2 - 10*g + 10. What are the prime factors of o(-8)?
2, 13
Let o be (2/7)/((-3)/(-21)). Suppose o*u = -a + 14, 7*u + 3*a - 36 = 2*u. What are the prime factors of u?
2, 3
Let y = -17 + 25. Suppose y*f - 20 = 3*f. Let x = f - 2. What are the prime factors of x?
2
List the prime factors of (-22)/(54/15 + -4).
5, 11
Suppose -3*u + 5*l - 92 = 0, -2*u - 80 = 3*l + 13. List the prime factors of 1 - (u - (3 + -7)).
2, 3
Suppose 0 = 3*j - 1 - 8. Let k(s) = 4*s**2 - 3*s - 2. List the prime factors of k(j).
5
Let x = -76 + 134. What are the prime factors of x?
2, 29
Let b(l) = l**2 - 5*l + 1. Let j be b(5). Let g = 3 + j. Suppose 0 = -0*k - 2*k + g. What are the prime factors of k?
2
Let p = 159 - 72. What are the prime factors of p?
3, 29
Let j = 20 - 19. Suppose -j = -p, -5*c + p + 219 = -0*p. List the prime factors of c.
2, 11
Let f = 413 - 247. List the prime factors of f.
2, 83
Let y(p) = -p**3 + 4*p**2 - 2*p + 1. Let k(i) = i - 13. Let r be k(9). Let l(d) = d**2 + 4*d + 3. Let a be l(r). What are the prime factors of y(a)?
2
Let w(y) = y**3 + 26*y**2 - 5*y - 16. What are the prime factors of w(-26)?
2, 3, 19
Suppose -4*b - 4 = -2*b. Let f be (-51)/(-4) - b/8. Suppose -f = -3*l + 14. List the prime factors of l.
3
Suppose 2*u - 5*w = 303, 5*w - 27 = -12. List the prime factors of u.
3, 53
Let k(q) = -4*q - 6*q**3 + 0 + 4*q**2 + 2 + 7*q**3. Let v be k(-5). List the prime factors of (4 + v)/((-1)/(-3)).
3
Suppose -7 = -s + 1. What are the prime factors of s?
2
Let f(o) = o**3 + 9*o**2 - 10*o. Let g be f(-10). Suppose -q = -g*q - 22. Suppose 0 = 3*u - q - 23. List the prime factors of u.
3, 5
Suppose -6*y - 1 = -5*y. Let a = y + 24. List the prime factors of a.
23
Let q(f) = -13*f + 3. Let t be q(-4). Suppose 0 = -3*p + 2*g + t, 3*p + 3*g - 79 = -2*p. Let j = p + -5. List the prime factors of j.
2, 3
Suppose 0 = 3*a - 0 + 6. Let z be ((-2)/3)/(a/9). List the prime factors of z + -1 - 0 - -2.
2
List the prime factors of (-15 + -66)/(3/(-2)).
2, 3
Let t(p) be the second derivative of 11*p**3/6 - p. Suppose 2*d + 1 = -5*k, -3*k + 3*d = 4*d. What are the prime factors of t(k)?
11
Let c = 2 - 0. Suppose c*o - 7 = 5. List the prime factors of o.
2, 3
Let b be (-4)/14 - 69/(-21). Let d = -1 + b. Suppose -6*t = 3*h - d*t - 50, -2*h + 4*t = 0. What are the prime factors of h?
2, 5
Let s(p) = 2*p**2. Let k be s(1). Suppose -b - 3*b - 4*l + 16 = 0, -l = -b + k. What are the prime factors of b?
3
Let i(m) = 5*m**2 + 3*m + 1. Let r be i(-2). Let o = -11 + r. What are the prime factors of o?
2
Let g = 11 + -15. Let c be (2 + 1)*(-1)/(-3). List the prime factors of (-29)/(-4) + c/g.
7
Suppose 172 = h - 4*v, -4*v + 3*v + 182 = h. What are the prime factors of h?
2, 3, 5
Let t(n) = -n + 7. Let p be t(5). Suppose 0*x + p*x - 6 = 0. List the prime factors of x.
3
Let i(q) = 69*q**2 - 5*q + 7. What are the prime factors of i(2)?
3, 7, 13
What are the prime factors of 18/99 - (713/(-11) - 2)?
67
Suppose 5*a = 4*f + 295, 2*a - 2*f - 65 = a. What are the prime factors of a?
5, 11
Let b(c) be the second derivative of c**4/4 + c**3/2 + 3*c**2/2 + c. List the prime factors of b(-4).
3, 13
Suppose 0 = a + f + 11, -f + 25 = 2*a - 7*a. Let g(j) = j**2 + 7*j + 5. Let p be g(a). Let s = 16 - p. What are the prime factors of s?
17
Suppose 4*s - 4 = 4. List the prime factors of s/3*459/18.
17
Let z(o) = o**3 - 4 - 2*o**3 + 4*o**2 + 6 - 3*o. Let l be z(3). Suppose j = 2*t - 0 - 11, l*t = 4*j - 4. What are the prime factors of t?
2
Suppose 3*k - 120 = -2*k. List the prime factors of k.
2, 3
Let w(q) be the first derivative of 16*q**3/3 - 1. Let m be ((-1)/(-4))/((-5)/(-20)). What are the prime factors of w(m)?
2
Suppose -13 = 3*p - 5*h, 0*h = 2*p - 4*h + 12. Suppose -p*c = 5*b - 177, 4*b - 101 - 53 = 3*c. What are the prime factors of b?
37
Let i = 6 + -4. Suppose r - i = 2*r. Let x = 5 - r. List the prime factors of x.
7
Suppose 0 = 19*p - 22*p + 237. List the prime factors of p.
79
Let a = 28 + -16. Suppose -3*r = -8*r - 90. List the prime factors of 2/a - 69/r.
2
Let x = 18 - 18. List the prime factors of -1*(-3 - 40 - x).
43
Suppose -1 = 4*u - 13. Let s(p) = 2*p**3 + 0*p**3 + 0*p**2 + p - 8*p**2 - p**u. What are the prime factors of s(8)?
2
Let b = 0 + 6. Suppose -3*s = -b*s + 27. List the prime factors of s.
3
Let c be (-6 - 3/(-1))/(-1). Let v(h) = h - 1 - 2 + h. List the prime factors of v(c).
3
Let t(f) = -f + 21. Let c be 32*1/2*-1. Let h = c - -26. What are the prime factors of t(h)?
11
Let z = -5 - -1. Let y = 42 - z. What are the prime factors of y?
2, 23
Let z(l) = 1 - l + 0 + 1 + l**2. Let d be z(2). Suppose -y = d*j - 27, 4*y - 4*j - 5 = 3. What are the prime factors of y?
7
Let j(n) = n**2 - 8*n - 6. Let v be j(6). Let l be (1/3)/(2/v). List the prime factors of 5/l*(-12)/4.
5
Suppose 0 = -5*a - k - 39, -2*k = -6*a + 3*a - 13. Let n = 3 + 0. L